 hundreds digit of 1420?
4
What is the hundreds digit of 4111?
1
What is the hundreds digit of 112940?
9
What is the tens digit of 13868?
6
What is the thousands digit of 3399?
3
What is the ten thousands digit of 22424?
2
What is the hundreds digit of 856?
8
What is the ten thousands digit of 17482?
1
What is the hundreds digit of 34580?
5
What is the units digit of 266?
6
What is the units digit of 48555?
5
What is the tens digit of 6575?
7
What is the ten thousands digit of 85700?
8
What is the tens digit of 87?
8
What is the units digit of 3163?
3
What is the ten thousands digit of 30746?
3
What is the units digit of 92458?
8
What is the hundreds digit of 4811?
8
What is the thousands digit of 98801?
8
What is the tens digit of 12974?
7
What is the hundreds digit of 4504?
5
What is the thousands digit of 2822?
2
What is the hundreds digit of 759?
7
What is the hundreds digit of 7286?
2
What is the tens digit of 309?
0
What is the ten thousands digit of 10462?
1
What is the hundreds digit of 3690?
6
What is the tens digit of 12646?
4
What is the tens digit of 584?
8
What is the units digit of 4409?
9
What is the units digit of 18597?
7
What is the thousands digit of 1059?
1
What is the tens digit of 112971?
7
What is the tens digit of 20383?
8
What is the units digit of 3632?
2
What is the tens digit of 12225?
2
What is the hundreds digit of 156814?
8
What is the hundreds digit of 8174?
1
What is the hundreds digit of 979?
9
What is the ten thousands digit of 18049?
1
What is the tens digit of 33601?
0
What is the thousands digit of 3516?
3
What is the units digit of 2954?
4
What is the units digit of 694?
4
What is the hundreds digit of 1132?
1
What is the tens digit of 39963?
6
What is the ten thousands digit of 21539?
2
What is the thousands digit of 1347?
1
What is the tens digit of 1624?
2
What is the hundreds digit of 501?
5
What is the units digit of 302?
2
What is the ten thousands digit of 66840?
6
What is the thousands digit of 18778?
8
What is the tens digit of 336?
3
What is the hundreds digit of 83311?
3
What is the units digit of 6137?
7
What is the thousands digit of 1919?
1
What is the units digit of 68906?
6
What is the hundreds digit of 55898?
8
What is the hundreds digit of 3770?
7
What is the hundreds digit of 2234?
2
What is the hundreds digit of 707?
7
What is the hundreds digit of 78571?
5
What is the units digit of 2703?
3
What is the thousands digit of 20862?
0
What is the thousands digit of 7724?
7
What is the tens digit of 39750?
5
What is the thousands digit of 5565?
5
What is the hundreds digit of 2074?
0
What is the units digit of 267?
7
What is the ten thousands digit of 63209?
6
What is the hundreds digit of 120?
1
What is the hundreds digit of 1043?
0
What is the tens digit of 3167?
6
What is the tens digit of 9299?
9
What is the units digit of 75717?
7
What is the ten thousands digit of 18906?
1
What is the thousands digit of 42523?
2
What is the units digit of 34?
4
What is the units digit of 564?
4
What is the tens digit of 63540?
4
What is the tens digit of 32313?
1
What is the hundreds digit of 1692?
6
What is the ten thousands digit of 11303?
1
What is the hundreds digit of 132?
1
What is the hundreds digit of 260?
2
What is the tens digit of 1335?
3
What is the units digit of 37871?
1
What is the tens digit of 40547?
4
What is the hundreds digit of 21633?
6
What is the tens digit of 1554?
5
What is the ten thousands digit of 142227?
4
What is the units digit of 3651?
1
What is the tens digit of 670?
7
What is the tens digit of 368?
6
What is the hundreds digit of 882?
8
What is the tens digit of 8401?
0
What is the tens digit of 1140?
4
What is the hundreds digit of 2031?
0
What is the units digit of 3444?
4
What is the tens digit of 14275?
7
What is the tens digit of 2886?
8
What is the hundreds digit of 2028?
0
What is the hundreds digit of 31035?
0
What is the ten thousands digit of 34353?
3
What is the thousands digit of 8456?
8
What is the hundreds digit of 5758?
7
What is the units digit of 8419?
9
What is the thousands digit of 8607?
8
What is the hundreds digit of 913?
9
What is the hundreds digit of 2578?
5
What is the tens digit of 611?
1
What is the units digit of 30?
0
What is the tens digit of 418?
1
What is the tens digit of 18591?
9
What is the tens digit of 40179?
7
What is the hundreds digit of 395?
3
What is the hundreds digit of 64724?
7
What is the thousands digit of 30404?
0
What is the tens digit of 1669?
6
What is the thousands digit of 6955?
6
What is the tens digit of 48838?
3
What is the tens digit of 11512?
1
What is the hundreds digit of 11029?
0
What is the hundreds digit of 2694?
6
What is the hundreds digit of 885?
8
What is the thousands digit of 1462?
1
What is the units digit of 50?
0
What is the units digit of 1202?
2
What is the units digit of 37569?
9
What is the units digit of 276?
6
What is the hundreds digit of 2500?
5
What is the tens digit of 7226?
2
What is the hundreds digit of 4727?
7
What is the hundreds digit of 63525?
5
What is the tens digit of 70703?
0
What is the tens digit of 3862?
6
What is the hundred thousands digit of 120878?
1
What is the thousands digit of 12385?
2
What is the tens digit of 836?
3
What is the hundreds digit of 4232?
2
What is the units digit of 1391?
1
What is the hundreds digit of 3527?
5
What is the hundreds digit of 5979?
9
What is the hundreds digit of 72733?
7
What is the tens digit of 9769?
6
What is the tens digit of 199?
9
What is the ten thousands digit of 13168?
1
What is the hundreds digit of 5375?
3
What is the units digit of 8116?
6
What is the units digit of 672?
2
What is the hundreds digit of 1725?
7
What is the units digit of 1539?
9
What is the thousands digit of 9221?
9
What is the hundreds digit of 2693?
6
What is the tens digit of 18024?
2
What is the tens digit of 395?
9
What is the tens digit of 33034?
3
What is the tens digit of 1727?
2
What is the units digit of 49606?
6
What is the thousands digit of 1196?
1
What is the hundreds digit of 2476?
4
What is the units digit of 13883?
3
What is the thousands digit of 5139?
5
What is the units digit of 809?
9
What is the tens digit of 8924?
2
What is the hundreds digit of 6178?
1
What is the tens digit of 47899?
9
What is the units digit of 10342?
2
What is the hundreds digit of 6540?
5
What is the units digit of 11624?
4
What is the tens digit of 1751?
5
What is the tens digit of 570?
7
What is the hundreds digit of 1369?
3
What is the tens digit of 343?
4
What is the tens digit of 33984?
8
What is the units digit of 12273?
3
What is the tens digit of 9836?
3
What is the hundreds digit of 16620?
6
What is the thousands digit of 6378?
6
What is the tens digit of 140?
4
What is the thousands digit of 1262?
1
What is the hundreds digit of 1497?
4
What is the thousands digit of 48343?
8
What is the units digit of 2919?
9
What is the tens digit of 364?
6
What is the units digit of 2671?
1
What is the hundreds digit of 2736?
7
What is the thousands digit of 4391?
4
What is the hundreds digit of 514?
5
What is the units digit of 2939?
9
What is the tens digit of 3485?
8
What is the hundreds digit of 101?
1
What is the units digit of 1680?
0
What is the ten thousands digit of 23178?
2
What is the hundreds digit of 2079?
0
What is the tens digit of 771?
7
What is the hundreds digit of 112?
1
What is the tens digit of 1235?
3
What is the tens digit of 38054?
5
What is the units digit of 68097?
7
What is the tens digit of 567?
6
What is the tens digit of 1010?
1
What is the units digit of 16824?
4
What is the hundreds digit of 45344?
3
What is the hundreds digit of 24106?
1
What is the ten thousands digit of 40624?
4
What is the units digit of 207?
7
What is the units digit of 1382?
2
What is the ten thousands digit of 34640?
3
What is the units digit of 234?
4
What is the tens digit of 7893?
9
What is the thousands digit of 4862?
4
What is the ten thousands digit of 16176?
1
What is the units digit of 97?
7
What is the units digit of 3256?
6
What is the hundreds digit of 1478?
4
What is the hundreds digit of 875?
8
What is the hundreds digit of 162647?
6
What is the units digit of 65328?
8
What is the thousands digit of 23007?
3
What is the units digit of 1054?
4